{"id":20,"date":"2012-02-06T14:08:47","date_gmt":"2012-02-06T14:08:47","guid":{"rendered":"http:\/\/www.hegerort.de\/?page_id=20"},"modified":"2020-11-08T12:01:04","modified_gmt":"2020-11-08T11:01:04","slug":"impressum","status":"publish","type":"page","link":"https:\/\/www.hegerort.de\/?page_id=20","title":{"rendered":"Impressum"},"content":{"rendered":"<p>Anbieter<br \/>\nSch\u00fctzenverein Hegerort e.V.<br \/>\nSchlee 18<br \/>\n48720 Rosendahl<\/p>\n<p>Kontakt<br \/>\nTel. 02566 \/ 933455<br \/>\nE-Mail info (at) hegerort.de<\/p>\n<p>vertreten durch<br \/>\nPr\u00e4sident<br \/>\nBerthold Deiger<br \/>\nSchlee 18<br \/>\n48720 Rosendahl<br \/>\nTel. 02566 \/ 933455<\/p>\n<p>Vereinsregister<br \/>\nNummer 816<br \/>\nAmtsgericht Coesfeld<\/p>\n<p>Redaktion<br \/>\nSebastian Uesbeck<br \/>\nHegerort 7a<br \/>\n48720 Rosendahl<\/p>\n<p>Haftungsausschluss<\/p>\n<p>Inhalt<br \/>\nAlle Inhalte auf dieser Seite wurden sorgf\u00e4ltig gepr\u00fcft und werden regelm\u00e4\u00dfig aktualisiert. Wir \u00fcbernehmen keine Haftung daf\u00fcr, dass alle Angaben zu jeder Zeit vollst\u00e4ndig, und in letzter Aktualit\u00e4t richtig dargestellt sind. Wir behalten uns vor, dass alle Angaben ohne Vorank\u00fcndigung ge\u00e4ndert, erg\u00e4nzt oder gel\u00f6scht werden k\u00f6nnen.<\/p>\n<p>Links<br \/>\nTrotz sorgf\u00e4ltiger inhaltlicher Kontrolle \u00fcbernehme wir keine Haftung f\u00fcr die Inhalte externer Links. F\u00fcr den Inhalt der verlinkten Seiten sind ausschlie\u00dflich deren Betreiber verantwortlich.<\/p>\n<p>Abmahnversuche<br \/>\nKeine Abmahnung ohne vorherigen Kontakt!<br \/>\nSollte der Inhalt oder die Aufmachung dieser Seiten fremde Rechte Dritter oder gesetzliche Bestimmungen verletzen, so bitten wir um eine entsprechende Nachricht ohne Kostennote. Die Beseitigung einer m\u00f6glicherweise von diesen Seiten ausgehenden Schutzrecht-Verletzung durch Schutzrecht-lnhaberlnnen selbst darf nicht ohne unsere Zustimmung stattfinden. Wir garantieren, dass die zu Recht beanstandeten Inhalte unverz\u00fcglich entfernt werden, ohne dass von Ihrer Seite die Einschaltung eines Rechtsbeistandes erforderlich ist. Wird dennoch von Ihnen ohne vorherige Kontaktaufnahme ein Rechtsbeistand eingeschaltet, werden wir die ausgel\u00f6sten Kosten allumf\u00e4nglich zur\u00fcckweisen und gegebenenfalls Gegenklage wegen Verletzung vorgenannter Bestimmungen einreichen.<\/p>\n","protected":false},"excerpt":{"rendered":"<p>Anbieter Sch\u00fctzenverein Hegerort e.V. Schlee 18 48720 Rosendahl Kontakt Tel. 02566 \/ 933455 E-Mail info (at) hegerort.de vertreten durch Pr\u00e4sident Berthold Deiger Schlee 18 48720 Rosendahl Tel. 02566 \/ 933455 Vereinsregister Nummer 816 Amtsgericht Coesfeld Redaktion Sebastian Uesbeck Hegerort 7a 48720 Rosendahl Haftungsausschluss Inhalt Alle Inhalte auf dieser Seite wurden sorgf\u00e4ltig gepr\u00fcft und werden regelm\u00e4\u00dfig &hellip; <a href=\"https:\/\/www.hegerort.de\/?page_id=20\" class=\"more-link\"><span class=\"screen-reader-text\">Impressum<\/span> weiterlesen <span class=\"meta-nav\">&rarr;<\/span><\/a><\/p>\n","protected":false},"author":1,"featured_media":0,"parent":0,"menu_order":0,"comment_status":"closed","ping_status":"open","template":"","meta":{"ngg_post_thumbnail":0,"footnotes":""},"class_list":["post-20","page","type-page","status-publish","hentry"],"_links":{"self":[{"href":"https:\/\/www.hegerort.de\/index.php?rest_route=\/wp\/v2\/pages\/20","targetHints":{"allow":["GET"]}}],"collection":[{"href":"https:\/\/www.hegerort.de\/index.php?rest_route=\/wp\/v2\/pages"}],"about":[{"href":"https:\/\/www.hegerort.de\/index.php?rest_route=\/wp\/v2\/types\/page"}],"author":[{"embeddable":true,"href":"https:\/\/www.hegerort.de\/index.php?rest_route=\/wp\/v2\/users\/1"}],"replies":[{"embeddable":true,"href":"https:\/\/www.hegerort.de\/index.php?rest_route=%2Fwp%2Fv2%2Fcomments&post=20"}],"version-history":[{"count":9,"href":"https:\/\/www.hegerort.de\/index.php?rest_route=\/wp\/v2\/pages\/20\/revisions"}],"predecessor-version":[{"id":4677,"href":"https:\/\/www.hegerort.de\/index.php?rest_route=\/wp\/v2\/pages\/20\/revisions\/4677"}],"wp:attachment":[{"href":"https:\/\/www.hegerort.de\/index.php?rest_route=%2Fwp%2Fv2%2Fmedia&parent=20"}],"curies":[{"name":"wp","href":"https:\/\/api.w.org\/{rel}","templated":true}]}}